hat is the remainder when 15 is divided by z(-5)?
7
Suppose 3*s + 4*j - 11 = 0, 3*s = -s + 3*j + 23. Let d = 13 - s. What is the remainder when 14 is divided by d?
6
Let s = -62 - -93. Calculate the remainder when s is divided by 19 + 3 + -9 + 3.
15
Calculate the remainder when (38/8)/((-16)/(-64)) is divided by 14.
5
Suppose 0 = 3*o + 4*t - 110, o + 2*t - 188 = -4*o. What is the remainder when o is divided by 10?
8
Let z = -37 + 73. Suppose 2*s = -2*s + 76. Calculate the remainder when z is divided by s.
17
Let k = 24 - 14. Calculate the remainder when 37 is divided by k.
7
Let w = 186 - 129. Calculate the remainder when w is divided by 15.
12
Let h be 60/18 - (-2)/(-6). Suppose 0 = -5*c + 5*a + 25, -18 = -5*c - h*a + 39. What is the remainder when 24 is divided by c?
6
Suppose -12*t + 124 = -8*t. What is the remainder when t is divided by 12?
7
Suppose -4*g + 3*a + 0*a = -34, -3*g = 4*a - 38. Suppose 5*k - 145 = -0*k. What is the remainder when k is divided by g?
9
Suppose 9 = -4*d + 61. Let w = d - 6. Calculate the remainder when 27 is divided by w.
6
Let m be (-3)/21 - (-176)/7. Calculate the remainder when 4/(-14) - 144/(-14) is divided by 5/(m/(-4))*-5.
2
Let p(z) = 5*z**2 + 4*z + 2. Suppose -4*u + 4 = -3*f - 9, -6 = 3*f + 3*u. Calculate the remainder when p(f) is divided by 9.
8
Suppose -2*l + 9 = -59. Calculate the remainder when 101 is divided by l.
33
Let x be (-2 + 4/(-3))*-3. Suppose 0*i - x = -i. Suppose -2*r - 3*r + i = 0. Calculate the remainder when r is divided by 2.
0
Let c(d) = -d**2 + 8*d + 2. What is the remainder when 70 is divided by c(4)?
16
Let g(x) = -x - 6. Let k be g(-4). What is the remainder when 37 is divided by (-2)/((-12)/(-39))*k?
11
Suppose -2*t - 188 = t + a, 5*t - 5*a + 280 = 0. Let q = t - -135. What is the remainder when q is divided by 25?
24
Suppose -4*c = -c + 2388. What is the remainder when c/(-16) - 6/8 is divided by 17?
15
Let c = 49 - 15. Let u = c - 24. Suppose 5*i - i - 4*k - 56 = 0, -4*i = 5*k - 92. What is the remainder when i is divided by u?
8
Suppose -u - 325 = -6*u + d, u - 5*d - 41 = 0. Let h be 0/(1 - 1 - -1). Suppose h = -3*a + a + u. What is the remainder when a is divided by 17?
16
Let w = -161 - -275. What is the remainder when w is divided by 39?
36
Let r be 72/(-7) + (-2)/(-7). Let h = r + 7. Calculate the remainder when h + 25 + 0 - -1 is divided by 8.
7
Suppose -4 = -4*j - 20. What is the remainder when 55 is divided by j/(-10) - (-651)/35?
17
Suppose -i + 2*i - 39 = -3*c, 4*c = -3*i + 57. Calculate the remainder when 57 is divided by c.
9
Let y = 51 + -19. Suppose 3*n - 3*j = 18, 4*n - 6*j + 4*j - y = 0. Let a(u) = 4*u**3 - u**2 + u. Calculate the remainder when n is divided by a(1).
2
What is the remainder when ((1 - 14/(-6)) + -4)*-63 is divided by (-134)/(-6) + 1/(-3)?
20
Suppose -18*j = -14*j. Let q(o) = o + 6. What is the remainder when 6 is divided by q(j)?
0
Suppose -24 = -h - 3*h. What is the remainder when 23 - ((-4)/(-14) + (-36)/126) is divided by h?
5
Let b = 102 + -82. What is the remainder when 76 is divided by b?
16
Suppose -4*d = -2*d + 12. What is the remainder when (16/(-12))/(1/d) is divided by 5?
3
Let l be 2/(-9) + (-770)/(-63). Let h = -5 + l. What is the remainder when 25 is divided by h?
4
Suppose 11 = -3*b - 10. Let g(m) = -m - 3. Let c = -4 + 6. What is the remainder when g(b) is divided by c?
0
Calculate the remainder when 81 is divided by ((-20)/2)/(20/(-24)).
9
Suppose -3*d + 2*c + 82 = 0, -2*d - 3*c = -63 + 17. What is the remainder when d is divided by 6?
2
Let s(n) = n**2 - 9*n - 1. Let x be s(5). Calculate the remainder when 16 is divided by (-132)/x + 4/(-14).
4
Let d = -1 + 5. Suppose d*h = 6*h + 14. Let a = h + 10. Calculate the remainder when a is divided by 2.
1
Suppose 4*c = -w - 0*w + 45, 3*c = 4*w + 29. What is the remainder when 39 is divided by c?
6
What is the remainder when ((-2)/(-4))/(1/48) is divided by (1 - -11) + 3 + -2?
11
Suppose 4*y + 8 = -4*g, 0*y - 3*y = g. Let u(f) be the second derivative of f**4/12 - 2*f**3/3 - 2*f**2 - f. What is the remainder when y is divided by u(5)?
0
Suppose 4*a - 8 = x + 4*x, 3*a - 3 = 3*x. Let d = a + 0. What is the remainder when (-90)/4*2/d is divided by 9?
6
Let f = -104 - -113. What is the remainder when (-4)/10 + (-324)/(-10) is divided by f?
5
What is the remainder when 59 is divided by ((-2)/(-8))/(3/372)?
28
Let k(r) = 5*r - 48. Calculate the remainder when k(10) is divided by 2.
0
Suppose 4*m - n = 160, 2*m = 3*m - 4*n - 25. Suppose 0 = -4*v + 5 + 27. Let z(c) = c**2 - 5*c - 10. Calculate the remainder when m is divided by z(v).
13
Suppose -8 = 5*t + 5*p - 58, t + 6 = -5*p. Calculate the remainder when 53 is divided by t.
11
Let z = 138 + -64. What is the remainder when z is divided by 26?
22
Let m = 32 + -22. Let a = 43 + -4. Calculate the remainder when a is divided by m.
9
Suppose -2*g - 3*g = -2*l - 81, 2*g = -5*l + 44. What is the remainder when g is divided by (5 - (-141)/(-27)) + (-83)/(-9)?
8
Suppose 4*u - 7*u + 2*g + 462 = 0, -g + 616 = 4*u. What is the remainder when u is divided by 12?
10
Suppose 0 = 3*a - 6*a - 60. Let d = a - -31. Suppose -o = -8 - 13. Calculate the remainder when o is divided by d.
10
Let p be 50/(1/((-3)/(-6))). Let k = 36 - p. Suppose h - 6 = k. Calculate the remainder when 33 is divided by h.
16
Let v(g) = 77*g**3 - 7*g**2 + 5*g - 7. Let a(t) = 39*t**3 - 4*t**2 + 3*t - 4. Let j(u) = -7*a(u) + 4*v(u). What is the remainder when j(1) is divided by 12?
10
Let b = 125 + -86. Calculate the remainder when 75 is divided by b.
36
Suppose -2*r + 1 = -3. What is the remainder when 1*50*(-3)/(-6) is divided by r/1 + (10 - 3)?
7
Suppose -2*p + 40 = b + 17, 4*b - 62 = -2*p. Calculate the remainder when b is divided by 286/77 - (-2)/7.
1
Let n(r) be the first derivative of r**4/4 - r**3/3 - r**2/2 + 4*r - 2. What is the remainder when 10 is divided by n(0)?
2
Suppose 0 = 2*x - x - 2. Suppose 4*a - x = 2. Calculate the remainder when 7 is divided by -2 - (-1 + -4 - a).
3
Suppose -5*j + 125 = -0*j. Calculate the remainder when 99 is divided by j.
24
Let f(s) = s**2 - 6*s + 1. Suppose 5*b = 4*q + 50, 0 = 2*b - 2*q - 1 - 21. Calculate the remainder when 2 is divided by f(b).
0
Let b = 144 + -42. Calculate the remainder when (3 - (-16)/(-6))*b is divided by 18.
16
Suppose -g - 4*g = 10. Let c be 1/g + 171/6. Suppose -c = 2*l - 4*l. Calculate the remainder when 40 is divided by l.
12
Let u = 56 - 17. Calculate the remainder when 116 is divided by u.
38
Let k(n) = -n**3 - n**2 + n + 15. Let g be k(0). Let q be 0 + (-5)/(g/6). What is the remainder when 8 is divided by 38/8 + q/(-8)?
3
Let t(k) = -7*k - 3. Let l be ((-5)/(-15))/((-2)/6). Let z = l + 4. What is the remainder when t(-2) is divided by z?
2
Let b = -4 + 10. Let a be ((-3)/5)/((-7)/35). Suppose -19 + a = -4*g. Calculate the remainder when b is divided by g.
2
Let f = -2 + 4. Suppose 4*k = 22 + f. Suppose 5*r = -4*l + 247, 0*r = 2*r - k. Calculate the remainder when l is divided by 15.
13
Let h(i) = -4*i - 11. Calculate the remainder when 1 + 0 + 1 + 12 is divided by h(-4).
4
Let j = 106 + -89. Suppose 2*n - 3*x = -x, 4*x = 8. Suppose w - 2*w = -5*s - 30, -n*w - s + 104 = 0. What is the remainder when w is divided by j?
16
Let s be 94/18 + 6/(-27). Suppose 0 = -s*n + 25 + 30. Suppose n = 2*l - 7. Calculate the remainder when l is divided by 5.
4
Let y = 1 - -1. Suppose z - 3*s - y = 15, -z = -s - 13. What is the remainder when 20 is divided by z?
9
Suppose h + 2 = 10. What is the remainder when h is divided by 5?
3
Let q(o) = 2*o**2 + 5*o - 15. Suppose -58 = -3*s + 2*d, 0 - 20 = -5*d. What is the remainder when q(6) is divided by s?
21
Suppose -w - 192 = -9*w. Calculate the remainder when w is divided by 5.
4
Suppose -7*y + 2*f + 18 = -3*y, -3*f = y - 1. Suppose 0 = y*p - 0 + 4. Let t(l) = -3*l**3 + l. Calculate the remainder when 3 is divided by t(p).
1
What is the remainder when 33 is divided by 2/(-4) - ((-70)/4 + -1)?
15
Let m be (2 - 4)/(1/(-1)). Let z(x) = 5*x - 1. Let u be z(m). Let n = -5 + u. Calculate the remainder when 7 is divided by n.
3
Let h(m) = m**2 - 16*m - 43. Calculate the remainder when h(20) is divided by 8.
5
Let v = 8 + 16. Suppose 0 = 10*s + 290 - 1240. Calculate the remainder when s is